25260
In base 15, what is -1215 - -18a8?
693
In base 10, what is -3 - 7223583?
-7223586
In base 11, what is -8 - -607275?
607268
In base 4, what is -13031103 + 20233?
-13010210
In base 7, what is -11306 + 105361?
64052
In base 14, what is -bb9bc2d + 0?
-bb9bc2d
In base 14, what is -d60 - 115a?
-20ba
In base 7, what is 46 - 143540334?
-143540255
In base 10, what is 37727 + 678?
38405
In base 12, what is -96b + 49ba8?
49239
In base 13, what is 3 + 1187413b?
11874141
In base 6, what is -10525413 - -123?
-10525250
In base 13, what is -4 + 2065a?
20656
In base 11, what is -6 - 580a981?
-580a987
In base 3, what is -1122021110 + -100202?
-1122122012
In base 15, what is -9ae583 + 4?
-9ae57e
In base 6, what is -14 + -22021220?
-22021234
In base 6, what is 0 - 34204333?
-34204333
In base 6, what is 14441 + 3352?
22233
In base 12, what is -63 - 325996?
-325a39
In base 14, what is 4 - -141d0d7?
141d0db
In base 5, what is 2222311 - 412?
2221344
In base 7, what is -221442556 + 1?
-221442555
In base 13, what is -1 + 9c1218?
9c1217
In base 7, what is -10132512 + -53?
-10132565
In base 6, what is 325354 - 13113?
312241
In base 6, what is -2 + -52135534?
-52135540
In base 15, what is -21 - 327b0?
-327d1
In base 16, what is 6b + 3326?
3391
In base 7, what is 2 + 31352613?
31352615
In base 6, what is -11 - 53455204?
-53455215
In base 7, what is 344 + 6020045?
6020422
In base 10, what is -3 + -132952993?
-132952996
In base 11, what is 0 + 687666?
687666
In base 11, what is 333a5172 - 9?
333a5164
In base 14, what is 2d8d1 - 64?
2d86b
In base 4, what is 3110100320 + -10033?
3110030221
In base 16, what is -2a258a + b?
-2a257f
In base 10, what is 1578 + -265362?
-263784
In base 7, what is -113325413 - -4?
-113325406
In base 16, what is -f6c3917 + 1?
-f6c3916
In base 16, what is -3b + -6f345?
-6f380
In base 14, what is -10cc + a50c?
9420
In base 15, what is -5 - 12eb62?
-12eb67
In base 11, what is 6a470 + 385?
6a845
In base 3, what is -210122012002211 + -12?
-210122012010000
In base 16, what is -30fd - 56df?
-87dc
In base 10, what is 6083691 - -16?
6083707
In base 16, what is -38041 - -5b4?
-37a8d
In base 6, what is -15150543444 - -1?
-15150543443
In base 5, what is 1222 + 11322?
13044
In base 2, what is -100001111011111110 + 1110000?
-100001111010001110
In base 13, what is 2cc + 1ab55?
1b154
In base 10, what is -442 - 79273?
-79715
In base 15, what is -15b92 - -18?
-15b79
In base 7, what is -4330 + 343545?
336215
In base 2, what is 1101001001101010 - 1010011010010?
1011110110011000
In base 5, what is -414 - 1120404340?
-1120410304
In base 12, what is -161a583 + -3?
-161a586
In base 13, what is 2 - -3690064?
3690066
In base 9, what is -22601 - -2804?
-18686
In base 16, what is 10b - 3c986?
-3c87b
In base 6, what is -3 - -5215015252?
5215015245
In base 4, what is -230301 + -1330110?
-2221011
In base 15, what is -1b73 - -711?
-1462
In base 13, what is -9 - 8a755b9?
-8a755c5
In base 6, what is 3002052 - -110?
3002202
In base 16, what is -1ee - -10ba3?
109b5
In base 3, what is 1 + 20022021211021?
20022021211022
In base 7, what is 213 + 305066?
305312
In base 13, what is -2763a01 - -4?
-27639ca
In base 10, what is -8015 - -3489?
-4526
In base 8, what is -2565334023 + 4?
-2565334017
In base 8, what is 34 - -376630?
376664
In base 2, what is -11110100000111 + -11010000001?
-100001110001000
In base 13, what is -13b14 + -81?
-13b95
In base 8, what is -1065526 + 111?
-1065415
In base 8, what is 507306303 + 0?
507306303
In base 16, what is -16fd2 + -e5?
-170b7
In base 4, what is -20131 + -33300312?
-33321103
In base 2, what is -110110100011 - -11111000001?
-10111100010
In base 14, what is 1885 - -a093?
b938
In base 7, what is 6111 - -2042050?
2051161
In base 4, what is 11 - -3003302321?
3003302332
In base 2, what is -10100010010 + -111010100101111110?
-111010111010010000
In base 7, what is -5 + 2513243020?
2513243012
In base 12, what is 149 - -9a062?
9a1ab
In base 3, what is 10122000021101 + -211?
10122000020120
In base 9, what is 13872457 + -2?
13872455
In base 9, what is 122 - 3131470?
-3131347
In base 12, what is -65031 - -4?
-65029
In base 6, what is 12 + -24454110?
-24454054
In base 6, what is -45 + 35533104?
35533015
In base 5, what is -13421 + -12104211?
-12123132
In base 8, what is -2 + -71407644?
-71407646
In base 7, what is -501501 + 1142?
-500326
In base 16, what is -23a - -983?
749
In base 6, what is 4 - -1002103440?
1002103444
In base 15, what is -926 + -21ba?
-2ae1
In base 9, what is 4836141 + 5?
4836146
In base 3, what is 210202001 + -11221122?
121210102
In base 5, what is 24314220 - -121?
24314341
In base 6, what is 231 + 1042041?
1042312
In base 4, what is 32 + 10100333233?
10100333331
In base 13, what is -1234 - 302ba?
-31521
In base 15, what is -5 + 200898e?
2008989
In base 2, what is 1101101010110110 + -11010000?
1101100111100110
In base 5, what is 4202101400 - 10?
4202101340
In base 8, what is -1116 + -2574?
-3712
In base 14, what is 45a7 - -57a?
4b43
In base 15, what is 446 + 8520?
8966
In base 6, what is 13 + -33003035?
-33003022
In base 9, what is -753684 + 178?
-753505
In base 6, what is 345 - -1030332?
1031121
In base 5, what is -1204 - -2344?
1140
In base 15, what is -e83557 + -6?
-e8355d
In base 4, what is 21 - 13030023122?
-13030023101
In base 6, what is 34243221 - -24?
34243245
In base 3, what is -101221202121 - 100?
-101221202221
In base 13, what is 0 + 175a95b5?
175a95b5
In base 4, what is -123232 + 12020?
-111212
In base 10, what is 5 - -626640?
626645
In base 12, what is -683a - -14837?
9bb9
In base 9, what is -48 + -13672414?
-13672463
In base 9, what is 34045 - 7883?
25052
In base 11, what is -3354123 + 40?
-3354093
In base 2, what is -100001 + -10001001111011101011?
-10001001111100001100
In base 6, what is -12 - -133424431?
133424415
In base 4, what is -212221110112 - -10?
-212221110102
In base 10, what is -5 + -261544541?
-261544546
In base 5, what is -12141124 - -120?
-12141004
In base 15, what is 718 - -17b?
894
In base 7, what is -4 - 325666453?
-325666460
In base 4, what is -3203 - -2022333?
2013130
In base 8, what is -61431 - 16430?
-100061
In base 2, what is 1001001 - -10111011000101101?
10111011001110110
In base 9, what is -45388747 - -2?
-45388745
In base 12, what is -2 - -533ab6b?
533ab69
In base 15, what is 2118 + -34a2?
-1389
In base 16, what is 39cd - 47b?
3552
In base 15, what is -81 - 1d3d5?
-1d466
In base 8, what is -3425647 - -1?
-3425646
In base 12, what is 0 - 102093?
-102093
In base 2, what is 10101000111 - -111101011101100101?
111101110010101100
In base 5, what is -10130413 + -12212?
-10143130
In base 15, what is 2 - 200e465?
-200e463
In base 12, what is 0 - -6673a63?
6673a63
In base 10, what is 6 + 2132322?
2132328
In base 7, what is -1602104 + -25?
-1602132
In base 3, what is -2111101 - -10111101?
1000000
In base 16, what is -1b7 - -1641?
148a
In base 9, what is 32 + -24026754?
-24026722
In base 6, what is 205045123123 - 1?
205045123122
In base 14, what is -75570 + 49?
-75525
In base 9, what is 34 + -166551?
-166516
In base 14, what is 2 - 1337591?
-133758d
In base 6, what is 23122250 - -20?
23122310
In base 14, what is 3557 - -2c91c?
32075
In base 2, what is 0 + 11110101100010001110001?
11110101100010001110001
In base 10, what is -1794 - -310324?
308530
In base 5, what is -1044 - 4200243?
-4201342
In base 4, what is 200100302 + 12?
200100320
In base 12, what is 17b8131 - 6?
17b8127
In base 10, what is 25174 - 177?
24997
In base 8, what is -4767605207 - 2?
-4767605211
In base 14, what is -332d6d2 - -1c?
-332d6b4
In base 2, what is -11000010 - 101110000110101110110?
-101110000111000111000
In base 12, what is 32298985 - -2?
32298987
In base 9, what is 2520 + 11432?
14052
In base 6, what is 120110553 - 10?
120110543
In base 14, what is 112 - -57b41?
57c53
In base 4, what is 2122120130 - -2112?
2122122302
In base 6, what is 12 + 313251213?
313251225
In base 8, what is -532526 + 35?
-532471
In base 4, what is 11213010 + -331?
11212013
In base 4, what is 21001 + 3221132220?
3221213221
In base 16, what is -917 + -71e?
-1035
In base 11, what is -58958a7 - 2?
-58958a9
In base 14, what is 13 - 2253067?
-2253054
In base 7, what is -12 - 346361?
-346403
In base 9, what is 5 + -1252812?
-1252806
In base 14, what is -4c0 - 1c5b?
